j = 4*b + 136, 2*b = 3*j - 4*j + v. What are the prime factors of j?
2, 17
Let h(q) = 5*q + 5*q**2 + q**3 + 14*q**2 - 4 - 8*q**2. Let i be h(-10). Suppose -i = -3*f - 2*m - 9, 0 = 4*f + 2*m - 46. List the prime factors of f.
3
Let p = -22 + 55. List the prime factors of p.
3, 11
Let r = -6 + 3. Let p(m) be the first derivative of -3*m**2/2 - 3*m - 1. What are the prime factors of p(r)?
2, 3
Let f = 354 + -70. List the prime factors of f.
2, 71
What are the prime factors of ((-4110)/(-40))/(-2*(-1)/8)?
3, 137
Let o(f) = 142*f - 14. What are the prime factors of o(2)?
2, 3, 5
Let d be 10/35 + (-460)/(-7). Suppose 5*p - d = 3*k, p + 4*k - 4 = -0*p. What are the prime factors of p?
2, 3
Suppose -s + 366 = 5*b, -3*s - 93 = -b - 7. What are the prime factors of b?
2, 37
Let n = 10 + -6. Suppose -c + 56 = n*c + 2*p, 3*p + 42 = 3*c. What are the prime factors of c?
2, 3
Let h(k) = -2*k - 3. Let t(v) = -v - 1. Let r(o) = 6*h(o) - 13*t(o). Let a be r(5). Suppose a = 5*w - 2*w - 30. List the prime factors of w.
2, 5
Let s(k) = -6*k - 4. Let w(t) = -6*t - 3. Let h(d) = -3*s(d) + 4*w(d). What are the prime factors of h(-2)?
2, 3
Let a(c) = 3*c**2 + 3*c - 4. What are the prime factors of a(-4)?
2
Let r = -16 - -56. List the prime factors of r.
2, 5
Suppose 105 = z + 20. List the prime factors of z.
5, 17
Suppose 0 = -2*x + 8, -2*o - 3*x - 4 = -x. Let r = 22 - o. What are the prime factors of r?
2, 7
List the prime factors of (-2876)/(-14) - (-24)/(-56).
5, 41
Suppose 0 = -3*q + 4*j + 82 + 34, -5*j - 82 = -2*q. What are the prime factors of q?
2, 3
Let c(x) = -2*x + 44. List the prime factors of c(15).
2, 7
Let x = -15 - -70. What are the prime factors of x?
5, 11
Let x(o) = -o**3 + 7*o**2 - 6*o + 6. Let c be x(4). Suppose 0*l + 5*a + 86 = 4*l, 4*a = -2*l + c. List the prime factors of l.
19
Let s = 5 + -8. Let q = s - -3. What are the prime factors of (-7)/(14/(-20)) - q?
2, 5
Suppose -6*n = -2*n - 64. Let m = n - 7. What are the prime factors of m?
3
Suppose -5*y = -9*y + 176. What are the prime factors of y?
2, 11
Let d be (-33)/(-9) - (-2)/6. Suppose -3*g + 22 = 4*l - 4, 0 = -4*g - d*l + 36. Let h = 22 - g. List the prime factors of h.
2, 3
Let v be (-2)/4 + 62/4. Suppose -2*w + v = -23. What are the prime factors of w?
19
Suppose 0 = -4*r - 46 - 42. Let z = 38 + r. List the prime factors of z.
2
Let w be ((-1)/(-3))/(5/75). Suppose 2*m - 3*y - 42 = -1, -2*m = w*y - 17. Suppose 0 = -r - 3*r + m. What are the prime factors of r?
2
Suppose 5*o + 14 + 16 = 0. Let z(b) be the second derivative of b**5/20 + b**4/2 - 2*b**3/3 + 2*b + 4. What are the prime factors of z(o)?
2, 3
Suppose -v + 0 = -2. Suppose -2*y = 4*k - 38, 0 = k - 2 - v. What are the prime factors of y?
11
Let l(f) = 4*f**3 - 2*f**2 - f - 1. Let j be (13 + -7)*(-1)/(-3). Let s be l(j). Suppose -s = -5*a + 4. List the prime factors of a.
5
Suppose 0*j - 323 = -5*m - 2*j, 5*j - 209 = -3*m. What are the prime factors of m?
3, 7
Let a = -7 + 11. Suppose s - 20 = -a*s. What are the prime factors of s?
2
Suppose 2*w - 8 = -3*y + 8, -w + 7 = y. Let j be -9 - -2 - 6/y. What are the prime factors of (52/(-20))/(2/j)?
13
Let z = -9 + 12. Suppose 5*f - 5 = -2*w + z, -5*f + 5*w + 15 = 0. What are the prime factors of f?
2
Let g = 20 + 10. Let y = g + -9. What are the prime factors of y?
3, 7
Suppose 4*i = -28 + 188. What are the prime factors of i?
2, 5
Let v(z) be the third derivative of -z**3/6 + z**2. Let t(l) = l**2 - 4*l + 1. Let q(n) = t(n) + 4*v(n). List the prime factors of q(-2).
3
Suppose 5*r - 1669 - 131 = 0. What are the prime factors of r?
2, 3, 5
Let k(o) = -o**3 - 9*o**2 - 10*o - 12. Let b = -8 + 0. Let p be k(b). Suppose -8 = -p*u - 0*u. What are the prime factors of u?
2
Suppose y + 0*w = -w + 7, 3*w - 9 = -2*y. List the prime factors of y.
2, 3
Suppose -7*h - 213 = -668. What are the prime factors of h?
5, 13
Suppose -10*x + 9*x = -3. Suppose 27 = i - 3*o, -3*i + 7*i + x*o - 108 = 0. List the prime factors of i.
3
Let h = 21 + -6. Let x = h - 10. What are the prime factors of x?
5
List the prime factors of 118*(-2)/(-4) + -1.
2, 29
Suppose -44 = 3*g + g. Let z(y) = -5*y - 12. What are the prime factors of z(g)?
43
Suppose -z + 5 = 0, -5*z + 23 = m - z. Let u(y) = 8*y - 6. List the prime factors of u(m).
2, 3
Let f be 18/5*60/(-9). Let c = 53 + f. What are the prime factors of c?
29
What are the prime factors of 4/(-6)*729/(-18)?
3
Let l(u) = u**2. Let j(k) = k**3 + 8*k**2 - k. Let s(v) = -j(v) + 6*l(v). Let y be s(1). List the prime factors of y/(-4) - (-45)/6.
2
Suppose -3*s = 5*f - 935, -8*f = -3*f + s - 925. What are the prime factors of f?
2, 23
Suppose 2*w - 3*g = 5*w + 9, -3*w + g = 21. Let j = 7 + w. Suppose 2*b - 2*s - 44 = -8, 0 = -2*b - 5*s + j. What are the prime factors of b?
13
Suppose -43 = 2*l + d - 0, -110 = 5*l + 3*d. Let y = l - -53. What are the prime factors of y?
2, 17
Suppose -28 - 11 = -5*z + 2*f, -2*f = -3*z + 25. Suppose -7 - 3 = -5*a. Suppose -g + a = -z. List the prime factors of g.
3
Let f = 3 + -7. Let w(s) = -s**3 + 0*s**2 + 2*s**3 - 6*s + 3*s**2 - 4. List the prime factors of w(f).
2
Suppose -7*m - 20 = -2*m. Let x = 7 + m. What are the prime factors of 14/x - (-10)/(-15)?
2
Let l(k) = 5*k**2. Suppose -2*m - 2*d - 4 = -14, 2*m = -3*d + 10. Suppose -8 = -m*c - 3. What are the prime factors of l(c)?
5
Suppose m + 2*l - 40 = -3*m, -5*m + l = -50. List the prime factors of m.
2, 5
Suppose -2*t = h - 5 + 1, 3*h + 8 = 4*t. Suppose 0 = j - t*j + 15. Let w = -4 + j. List the prime factors of w.
11
Let g(j) = -j**3 - 5*j**2 + j + 5. Let n be g(-5). Suppose -115 = -n*s - 5*s. List the prime factors of s.
23
Let w(i) = i**3 + 8*i**2 + 8*i + 5. Let l be w(-6). Let p = l + -18. List the prime factors of p.
11
Let t be (2/(-1) - -6) + 0. Let p = t + -2. Suppose 17 + 11 = p*d. List the prime factors of d.
2, 7
Let p = 5 + 3. Let t(o) = o**3 - 8*o**2 - o + 10. Let k be t(p). Suppose 3*a = -2*m + 13, 0*a + k*m + 27 = 5*a. List the prime factors of a.
5
Suppose 8 = -f + 3*f. Suppose f = 2*r - 4*r. What are the prime factors of (-6)/r*22/6?
11
Suppose 0 = h + 5*h - 18. What are the prime factors of h?
3
Let y be (19/(-2))/(1/(-4)). Suppose -23 = -4*l + 3*d + y, -4*l = -2*d - 62. Suppose i - l = 2*p, 0*p + 2*p - 8 = -2*i. What are the prime factors of i?
2
List the prime factors of 108/8 + 3/6.
2, 7
What are the prime factors of ((1458/21)/(-3))/((-15)/105)?
2, 3
Let o(w) = -w - 3. Let h be o(-4). Let q be -2 + h - (-1 + -7). Suppose 14 = -q*y + 8*y. List the prime factors of y.
2, 7
Let o(f) = 3*f**2 - 12*f - 8. List the prime factors of o(7).
5, 11
Suppose 0 = 3*x + 2*x - 85. Let l = x + -9. What are the prime factors of l?
2
Suppose -w = -q + 6, 4*w - 5 = -5*q - 2. List the prime factors of -2 + q + (1 - -2).
2
Suppose m - 3*m + 30 = 0. List the prime factors of m.
3, 5
Let w(s) = -11*s + 3. What are the prime factors of w(-3)?
2, 3
Suppose 25 = 4*p - 35. Suppose p = 3*s + 2*s. What are the prime factors of s?
3
Let k = -9 - -27. List the prime factors of k.
2, 3
Let t = 20 + -16. Suppose t - 38 = -2*n. What are the prime factors of n?
17
Suppose 0 = -9*t + 16*t - 469. List the prime factors of t.
67
Let q(r) = -r**3 - 11*r**2 - 16*r - 15. Let p be q(-10). What are the prime factors of (2 + -1)/(9/p)?
5
Let b(v) = 6*v**2 - v. Let u be b(2). Suppose -3*y = -y - u. List the prime factors of y.
11
What are the prime factors of 3 - (-3 - 34 - -1)?
3, 13
Let r be (3 - 3)*(-1)/(-2). Let k = r - -4. Suppose 2*b = k - 0. What are the prime factors of b?
2
Let d(q) = -q**3 - 6*q**2 - q + 4. Let u be d(-6). Let y be (8/u)/(2/20). Let o = y - 3. What are the prime factors of o?
5
Let i = -11 + 15. Suppose 2*x - 6*c = -2*c + 56, -3*x = -i*c - 86. What are the prime factors of x?
2, 3, 5
Let m = -114 + 179. List the prime factors of m.
5, 13
Let o = 28 - 13. List the prime factors of o.
3, 5
Let u = -8 + 14. List the prime factors of (9/3)/(u/44).
2, 11
Let b = -134 - -206. List the prime factors of b.
2, 3
Let x = 15 - 12. List the prime factors of x.
3
What are the prime factors of 1*(1 + 18) + -2?
17
Suppose 5*z + 1 = 51. What are the prime factors of z?
2, 5
Let i be 77 + 4/(3/(-3)). Let z = i - 20. List the prime factors of z.
53
Suppose 2*c = 7*c. Suppose -2*w + k + 63 + 56 = 